100 + 2692. Calculate the highest common factor of w and 259.
37
Suppose 5*j = -d + 32, 2*j + 91 - 147 = -4*d. What is the greatest common factor of 436 and d?
4
Let j = -27 + 143. Suppose 0 = 5*y - j + 21. Let a = -19 + 38. What is the greatest common divisor of y and a?
19
Let b = 1119 - 410. Let z = -669 + b. Calculate the highest common divisor of 16 and z.
8
Suppose 0 = 5*v + h + 81, 3*v - h - 3*h = -44. Let s(o) = o + 18. Let d be s(v). Suppose 4 = d*k - 26. What is the greatest common factor of k and 9?
3
Let x(b) = -2115*b - 3560. Let a be x(-3). Calculate the highest common factor of a and 10.
5
Suppose -6*v - 111165 = -5*m - v, -5*m - 8*v + 111126 = 0. Calculate the greatest common divisor of m and 10.
10
Let j(n) = n + 17. Let x(g) = -g**2 + 1. Let p be x(1). Let o be j(p). Let i = 780 - 712. Calculate the greatest common divisor of o and i.
17
Let m be -7 + 0 + 14/2*261. Calculate the highest common divisor of 280 and m.
140
Let p(m) = m**2 + 15*m + 17. Let h be p(-14). Suppose 0 = -5*n - 10, 4*c + h*n = -n + 188. Calculate the greatest common factor of c and 14.
7
Suppose -7 = -w - 5, 222 = 5*b - 4*w. Let q = b - 43. Calculate the highest common factor of q and 27.
3
Let f be 17/18*58 - 2/(-9). Let g be 791/2 + f/110. What is the highest common factor of 36 and g?
36
Let b(t) be the second derivative of 11*t**3/6 - 25*t**2/2 + 11*t - 1. Let i be b(5). What is the highest common divisor of i and 270?
30
Let q = 260 + -256. Suppose -5*k = -7*k - 4*a + 56, q*k - 90 = 3*a. Calculate the highest common divisor of 16 and k.
8
Suppose 28 = k + 5*s, 4*s + 4 = -16. Let d = k - 49. Suppose -3*m = -d - 71. What is the highest common divisor of 5 and m?
5
Suppose 0*w = 4*w - 240. Suppose -123*v + 28 = -119*v. Let r be ((-15)/v)/((-1 - -3)/(-14)). Calculate the highest common factor of r and w.
15
Suppose -6*a + 403 = 145. Suppose a = 4*m - 45. Calculate the highest common factor of m and 121.
11
Let t be (-5 + 90/6)*(0 + 1). Suppose 7*v - t*v + 24 = 0. What is the greatest common factor of 1 and v?
1
Let a(x) = -x**3 + 18*x**2 - 16*x - 1. Suppose -5*v - 100 = -5*d, 0 = -2*d - 2*d + 3*v + 76. Let l be a(d). What is the greatest common factor of 15 and l?
15
Suppose 5*n + 3*a = 375, 0 = n - 3*a + 35 - 110. Let h be ((-46)/(-5))/((6 - 13)/(-35)). Let d = h + -31. Calculate the highest common factor of d and n.
15
Suppose 0 = 167*d - 173*d + 24. Calculate the highest common divisor of d and 2.
2
Suppose -2*g + 11*p - 12*p + 12 = 0, -2*g = 3*p - 12. Suppose g*w = 25*w - 3268. What is the greatest common divisor of w and 215?
43
Let z be ((-6)/9)/1*-6. Let r(f) = -3*f**2 + 23*f + 6. Let u be r(z). Calculate the greatest common factor of u and 550.
50
Let m = -254 - -359. Suppose 17*b = 3*b - 4*b + 810. Calculate the highest common divisor of b and m.
15
Suppose -23*d - 4*g = -21*d - 102, -2*d + 2*g = -96. Calculate the highest common divisor of 4361 and d.
49
Suppose 4 = 2*b - m - 0*m, -2*b + 2*m + 4 = 0. Let n be -1 + b + 3 - 19. Let z be (126/n)/(9/(-60)). What is the highest common divisor of 8 and z?
8
Let r(f) = 34*f**2 + 7*f - 1. Let t be r(-1). Let z(b) = b**3 + 16*b**2 + b + 8. Let l be z(-12). What is the greatest common divisor of t and l?
26
Let v be ((3 - 1)/8)/((-14203)/(-4732) + -3). Calculate the highest common factor of 11 and v.
1
Let x be ((-19)/((-285)/(-14184)))/(3/(-30)). What is the highest common factor of x and 48?
48
Suppose -6*k + 643 - 97 = 0. Let a(r) = -3*r - 10. Let c be a(-8). Calculate the greatest common factor of k and c.
7
Suppose -746*x - 8836 = -13216 - 15016. Let d be (-12)/14*(-35)/5. What is the highest common divisor of d and x?
2
Let m(o) = 27*o - 4*o + 28 - 139. Let f be m(12). Suppose 114 = 5*b - n + 36, -b - n + 12 = 0. Calculate the highest common factor of f and b.
15
Suppose -4*a - 5*j + 1695 - 528 = 0, -1177 = -4*a - 3*j. Let t = 397 - a. What is the greatest common factor of 176 and t?
11
Suppose 0 = -3*r + 4*v + 6551, 5*v + 4261 + 2295 = 3*r. Calculate the greatest common factor of r and 7.
7
Suppose 0 = -0*b - 2*b - 24. Let l be ((-4)/b)/(2/(-18)). Let z be (-6 + l)/(-3) - -1. What is the greatest common factor of z and 6?
2
Suppose -4*n + 332 = 4*u, 0*n + 3*u = 3*n - 255. Suppose -2*q = 0, 97 - 13 = 2*v + 2*q. Calculate the greatest common divisor of v and n.
42
Let i = 75 + -60. Suppose -3*n + y = 2*y - i, 15 = n - 3*y. Let s(o) = -o**2 + 9*o - 3. Let a be s(n). What is the highest common divisor of 15 and a?
15
Suppose -21*o - 4263 = -50*o. What is the highest common divisor of o and 2009?
49
Let k = -1176 + 1231. Calculate the greatest common divisor of k and 445.
5
Let u = -11996 + 11997. Suppose 44 = 4*j - s + 9, 5*s = -j + 14. Let z be 6/j*(14 - 2). Calculate the highest common factor of u and z.
1
Let k = 69 + -41. Suppose 7*f - k = -0*f. Suppose 2*g - 42 = -3*q, 2*g = 4*g + f*q - 44. Calculate the greatest common factor of 27 and g.
9
Let q(j) = j**2 - 5*j - 88. Let s be q(13). Let b(h) = -h**3 - 6*h**2 + 21*h + 18. Let z be b(-9). Calculate the greatest common factor of s and z.
8
Suppose 73*q = 75*q - 16. Let m(w) = -23*w - 106. Let k be m(-14). Calculate the greatest common factor of k and q.
8
Let j be (-10)/35 + (-102)/(-14). Suppose 658 = 3*t + 2*z, 4*t - 4*z + j*z - 878 = 0. Suppose -5*o + t = -32. Calculate the highest common factor of 20 and o.
10
Let g = 182 + -70. Let a be 30/36 + (-561)/(-18). Calculate the highest common factor of g and a.
16
Let b(h) = h**2 - 11*h - 22. Let c be b(-6). Let n = c - 20. Suppose 0 = -6*v + 66 + n. Calculate the highest common divisor of 3 and v.
3
Let o(a) = -a**3 + 13*a**2 - 2. Let r be o(13). Let g be (r - -35) + -2 + 7. Calculate the greatest common factor of 2 and g.
2
Suppose 1326 = 11*q + 67*q. Let u be (-5)/(-4)*(23 - 3). Let y = u - q. What is the greatest common divisor of y and 88?
8
Let q = -8 - -10. Let n be q + 43 - 4/4. Let w = -126 + 236. What is the highest common factor of n and w?
22
Suppose 753 = 4*b - 26*y + 29*y, 3*y = -15. What is the greatest common divisor of b and 5024?
32
Let u = 4 - -6. Let x = 17 - u. Suppose -4*m = 3*j - 35, -3*m + x*m - 15 = j. What is the greatest common factor of 1 and j?
1
Suppose 2*x + 741 = 3*o, 2*o - 7*x - 472 + 29 = 0. Suppose 0 = -i + 5*i - 368. Calculate the highest common factor of i and o.
23
Let o = 1079 - 1064. Calculate the highest common divisor of 1383 and o.
3
Let k(v) = v**3 - 3*v**2 - 9*v + 23. Let i be k(4). Suppose -t + 126 = t - i*l, 2*t + 3*l = 138. What is the greatest common factor of t and 561?
33
Let k(f) = -2*f**3 + 18*f**2 + f - 3. Let c be ((-9)/(-2))/(4 - (-28)/(-8)). Let a be k(c). Calculate the highest common factor of a and 30.
6
Let t(u) = 2*u**2 - 2*u. Let v be t(2). Suppose -3*r + v*w + 120 = 0, -4*w - 10 = -r + 30. What is the highest common divisor of r and 640?
40
Let p be 1/(-1)*(-19 - -11). Let w(l) = -l**3 + 6*l**2 + 6*l + 20. Let d be w(6). What is the greatest common factor of p and d?
8
Let g be 3/((-9)/(-60) - 0). Suppose -3*h = 7*h - 180. Let z be ((-6)/h*-30)/((-2)/(-4)). Calculate the greatest common factor of z and g.
20
Let c(l) = 8*l + 9. Let h be c(-1). Suppose -6*x - 84 = -7*x - 4*m, -m = h. What is the greatest common divisor of 33 and x?
11
Let g(r) = -r**3 - 3*r**2 - 8*r - 96. Let d be g(-8). Let x be (0 - -4)*(-1 + 9). Calculate the highest common factor of x and d.
32
Let v(h) = 307*h - 4032. Let i be v(24). Calculate the greatest common divisor of 48 and i.
24
Let m(w) = -140*w - 578. Let x be m(-5). Calculate the highest common divisor of x and 6.
2
Suppose 2*l + 54 - 60 = 0. Suppose 2*z = 5*v - 5, -5*v = 4*z - 2*v - 29. Suppose z*h - 53 - 22 = 0. What is the highest common divisor of h and l?
3
Suppose -36 = -10*j - 6, 5*l + 2*j - 25926 = 0. What is the highest common factor of l and 768?
192
Let u(d) = -2*d**3 - 11*d**2 - 29*d + 61. Let t be u(-10). Calculate the highest common factor of t and 9.
9
Suppose -5*l - 6*d + 2*d - 6 = 0, 5*l - 3*d - 22 = 0. Suppose 0*k = l*k - 2. Let j be (-828)/(-12) + -3*k. Calculate the greatest common divisor of 6 and j.
6
Let a = 317 - 317. Let k be (a - -1) + 1*860 + -1. What is the highest common divisor of k and 20?
20
Suppose j + 3*u = -2*j + 6, 0 = -4*j + 2*u + 32. Let w be (-18)/(-6) - 90/9. 